common divisor of 12 and g?
12
Suppose 0 = -4*c + 20, 5*r + 4*c - 700 = -65. Suppose -r = -5*n + 27. Calculate the highest common divisor of n and 75.
15
Suppose 5*j = 5*b - 45, 15 = 5*b + j + 4*j. Calculate the highest common factor of b and 6.
6
Let q = 22 - 10. Let p be 0 - (-2 - (2 + -2)). Suppose p*z = z + 3. Calculate the greatest common divisor of z and q.
3
Let y be (134 - 1)*3/3. Suppose 5*h + 5*c - 965 = 0, h - y - 40 = -5*c. Calculate the greatest common factor of 18 and h.
18
Let b(s) = 18*s**2 - s - 1. Let i be b(-1). Let q(g) = 11*g + 1. Let x be q(1). What is the greatest common factor of i and x?
6
Suppose -3*v + 8 = 2. Let t be (20/12 - v)*-18. Let o = 2 + 1. What is the greatest common divisor of o and t?
3
Let v be 1*-87*2/(-6). Calculate the highest common divisor of v and 319.
29
Suppose -3*b = d - 43, -2*b + 61 = 2*d - 21. Calculate the highest common divisor of d and 16.
8
Suppose -5*y + 18 = -72. Let k = y - -1. Let o = -11 + k. Calculate the highest common factor of 8 and o.
8
Let l = 104 + -96. Calculate the greatest common divisor of 2 and l.
2
Suppose 5*k = -5*x + 275, -2*k = -x - k + 59. Calculate the greatest common divisor of x and 19.
19
Suppose 5*o = -o + 720. What is the greatest common factor of o and 30?
30
Let d be (24/(-15))/(-4)*10. Suppose 0 = -2*k - 0*k - 5*h + 14, -2 = d*k - 5*h. Suppose -10 = -4*p + k*p. Calculate the greatest common factor of 1 and p.
1
Let m = -37 - -97. Let l = 42 - 30. What is the greatest common divisor of l and m?
12
Suppose h + 2*h - 3 = 0. What is the greatest common factor of 4 and h?
1
Let y(v) = 7*v + 6*v**2 + 0*v - 2*v - 2 - 4*v. Let p be y(-2). Calculate the highest common factor of 30 and p.
10
Let t(x) = 10*x - 16. Let b be t(7). What is the highest common factor of 18 and b?
18
Let c(x) = -7*x - 70. Let d be c(-23). Let q(b) = -b**2 - 9*b - 5. Let r be q(-6). What is the highest common divisor of d and r?
13
Let f(b) = b**3 + 10*b**2 - 14*b - 19. Let h be f(-11). Calculate the greatest common divisor of 35 and h.
7
Let a = -35 + 43. Calculate the greatest common divisor of 8 and a.
8
Suppose -k + 4*l = -19, -4*k = -0*l - 2*l - 20. What is the greatest common factor of k and 1?
1
Suppose -3*i + 8 = 4*u - 9, 4*u + 4*i = 20. Suppose 0 = 5*p, 3*w + u*p + 2*p - 12 = 0. Let v = -4 + 8. What is the highest common factor of w and v?
4
Suppose 14 + 21 = 5*i. Calculate the greatest common divisor of 7 and i.
7
Let f = -2 + 1. Let t = f - -8. Suppose 0 = 2*w + 14 - 112. What is the highest common factor of w and t?
7
Suppose x - t = 17, 5*x - 82 + 29 = -3*t. Suppose -56 - 34 = -5*d. Let q be 2570/d - (-2)/9. Calculate the greatest common factor of q and x.
13
Let p(z) = -7*z + 1. Let b be p(-2). Suppose r + 4 = -5*y + 5*r, y = -4*r + 4. Let x be (-15 - y)*(-28)/4. What is the greatest common divisor of x and b?
15
Let i(v) = v**2 + v. Suppose -3 = 2*g - 5. Let z be i(g). Let x = 32 - 30. What is the greatest common divisor of x and z?
2
Let z(c) = c**3 - c + 36. Let f be z(0). What is the highest common divisor of 54 and f?
18
Let l = 7 - 8. Let s be (0 - (l + 0)) + -2. Let q be (9/1)/(s/(-6)). Calculate the greatest common factor of 9 and q.
9
Let l be -7 + 3 - (-1 + -8). What is the highest common factor of l and 5?
5
Let u be -6*(-1 - 11/3). Suppose 3*s = -0*s. Let j(k) = k**3 + 42. Let r be j(s). What is the highest common factor of r and u?
14
Let q = -8 + 28. Let b = 33 - q. Calculate the greatest common factor of b and 104.
13
Let w = 49 - 5. What is the greatest common factor of 4 and w?
4
Let q = -23 + 34. What is the greatest common divisor of 99 and q?
11
Suppose 0*h + h = -x + 1, -4*h = -2*x + 14. Suppose -2*s + 13 = w, -5*w = s - 35 - x. What is the greatest common divisor of w and 35?
7
Suppose 0 = -x, -z - 2*x + 5 = -7*x. Calculate the greatest common divisor of 5 and z.
5
Suppose 108 = 5*m + 4*m. Calculate the highest common divisor of m and 18.
6
Let t = -3 - -3. Suppose t = -x + 4*x - 135. Calculate the highest common factor of x and 5.
5
Suppose u + 2*u = 6. Suppose -u*v = -203 - 127. What is the highest common factor of v and 15?
15
Suppose 4*t - 15 - 13 = 0. Let w(a) = a**3 - 8*a**2 + 7*a + 4. Let f be w(t). Let y be (-32)/12*1*-3. What is the highest common divisor of y and f?
4
Let x(h) = -h**2 - 19*h - 15. Let d be x(-14). Calculate the highest common factor of 44 and d.
11
Let y(z) = -1 + 0 - z + 3. Let t = 14 + -19. Let k be y(t). Calculate the greatest common divisor of 1 and k.
1
Suppose -7 = -3*w + 6*g - 2*g, 70 = 5*w + 5*g. Suppose 2*l + 4*s = 2, 2*l = 5*s + 4 - 2. What is the greatest common factor of l and w?
1
Let m = -4 - -6. Suppose -46 = -m*a + 3*s, -4*a + 104 = 4*s - 8. What is the greatest common factor of a and 104?
26
Let v(k) = -3*k**2 + 2*k**2 - k - 9 + 3*k**2. Let q be v(-9). Let b(c) = 5*c - 7. Let f be b(5). What is the greatest common divisor of q and f?
18
Let t be 1/(-1)*4/(-1). Suppose 19 = t*z - 69. What is the highest common divisor of 11 and z?
11
Let h(q) = -2*q - 3. Let v be h(-6). Calculate the greatest common factor of 6 and v.
3
Let k(z) = -63*z. Let n be k(-1). Suppose 5*q = 5*w + 5 + 50, -2*q = 3*w - 2. Suppose q + 7 = 2*u. What is the greatest common divisor of n and u?
7
Let g be (1/(-2))/(9/(-684)). Calculate the greatest common divisor of 57 and g.
19
Suppose 9*p = 4*p + 3*b + 11, 3*p = b + 9. Calculate the highest common factor of p and 16.
4
Suppose 29 = l - 2*u + 3, -148 = -5*l + 4*u. Calculate the greatest common factor of l and 112.
16
Let y(u) be the third derivative of u**5/15 + 9*u**2. Let x be y(-2). Calculate the greatest common divisor of 64 and x.
16
Let t(o) = o**3 + 12*o**2 - 3*o - 15. Let k be t(-12). What is the greatest common divisor of k and 147?
21
Let k = 26 - -19. What is the greatest common divisor of k and 5?
5
Suppose -3*j + 3*n + 117 = j, 2*j - 55 = 5*n. Suppose z + 184 = 5*z. Let r = z + -31. Calculate the highest common divisor of r and j.
15
Suppose -29 - 1 = -5*n. Suppose -n*c + c = -5. What is the greatest common factor of 1 and c?
1
Suppose -h - 2*z + 100 = -4*h, -z = 3*h + 85. Let l = 46 + h. What is the greatest common factor of l and 4?
4
Suppose 3*q + 233 - 49 = 5*k, 5*k - q = 188. Suppose l = -5*g + 14, 0 = -4*l + 4*g + 5 + 75. Calculate the highest common factor of l and k.
19
Let t = 341 + -224. What is the greatest common factor of t and 39?
39
Let i(n) = -n**3 - 10*n**2 + 14. Let h be i(-10). Let t = h - 10. Calculate the highest common factor of t and 16.
4
Let a be (31/(-2))/((-1)/(-10)). Let l = a + 245. What is the greatest common divisor of 10 and l?
10
Suppose 4 = 2*m + 2*m. Calculate the greatest common factor of 7 and m.
1
Let g = 19 - 7. Calculate the greatest common factor of 12 and g.
12
Let p = -46 - -79. What is the highest common divisor of p and 77?
11
Let u = 17 - 2. Calculate the greatest common divisor of u and 165.
15
Suppose -58 = -d - 5*w, 2*w + w - 249 = -4*d. Suppose c - 1 = 3*b - 18, -4*c = b - 23. Calculate the greatest common factor of d and b.
7
Let h = 0 - 4. Let l be (9 - 0)/((-3)/h). Suppose -p = 4*v - 21, 4*v - 36 = -4*p - 0*p. Calculate the greatest common divisor of v and l.
4
Let y be 3/(72/104) - 1/3. What is the greatest common divisor of 5 and y?
1
Let d(o) = -o**2 + 5*o - 3. Let p be d(3). Let f = 26 - 47. Let u be 10/(f/9 + p). Calculate the highest common divisor of u and 105.
15
Let h = -43 + 57. Suppose 2*g - 10 = -a, 3*g = a + 3*a - 62. What is the highest common divisor of a and h?
14
Suppose -5*l - v + 23 = -15, -v = -l + 4. Let r = l + -3. Suppose r*n + n = 70. Calculate the highest common divisor of n and 21.
7
Let y be (1/(-3))/((-15)/540). Calculate the highest common factor of 96 and y.
12
Let y = 20 - 10. Calculate the highest common factor of 80 and y.
10
Let j = 48 + 161. Let i = -13 + 32. What is the highest common factor of j and i?
19
Suppose 0*m + m = 77. Calculate the greatest common divisor of 7 and m.
7
Suppose -40*b = -36*b - 392. Calculate the greatest common factor of b and 14.
14
Suppose 3*d - 27 = d + 3*u, -1 = -u. Let a be (-2)/(-4*4/(-1240)). Let r = -95 - a. What is the greatest common divisor of d and r?
15
Let g be 27/6*8/6. Suppose -d + g*d = 75. What is the greatest common divisor of 105 and d?
15
Let 